{"id":820,"date":"2022-02-25T20:28:33","date_gmt":"2022-02-25T17:28:33","guid":{"rendered":"https:\/\/www.ad-hukuk.com\/?page_id=820"},"modified":"2024-06-28T13:51:01","modified_gmt":"2024-06-28T10:51:01","slug":"iletisim","status":"publish","type":"page","link":"https:\/\/www.ad-hukuk.com\/?page_id=820","title":{"rendered":"\u0130LET\u0130\u015e\u0130M"},"content":{"rendered":"<p>[vc_row has_content=&#8221;true&#8221; css=&#8221;.vc_custom_1656027272697{padding-top: 32px !important;background-image: url(https:\/\/www.ad-hukuk.com\/wp-content\/uploads\/2022\/06\/DS7_0851-Edit-7-scaled.jpg?id=1418) !important;background-position: center !important;background-repeat: no-repeat !important;background-size: cover !important;}&#8221;][vc_column width=&#8221;1\/3&#8243;][vc_column_text css=&#8221;.vc_custom_1656026185150{padding-top: 32px !important;padding-bottom: 32px !important;background-image: url(https:\/\/www.ad-hukuk.com\/wp-content\/uploads\/2022\/06\/Yeni-Proje-20.jpg?id=1375) !important;}&#8221;]<\/p>\n<h3 style=\"text-align: center;\"><span style=\"color: #ffffff;\">\u0130leti\u015fim<\/span><\/h3>\n<p>[\/vc_column_text][\/vc_column][vc_column width=&#8221;1\/3&#8243;][\/vc_column][vc_column width=&#8221;1\/3&#8243;][\/vc_column][\/vc_row][vc_row][vc_column][vc_empty_space][\/vc_column][\/vc_row][vc_row full_width=&#8221;stretch_row&#8221; content_placement=&#8221;middle&#8221;][vc_column width=&#8221;1\/2&#8243;][vc_column_text css=&#8221;.vc_custom_1656597085314{border-top-width: 1px !important;border-right-width: 1px !important;border-bottom-width: 1px !important;border-left-width: 1px !important;padding-top: 48px !important;padding-right: 48px !important;padding-bottom: 48px !important;padding-left: 48px !important;border-left-color: #525252 !important;border-left-style: solid !important;border-right-color: #525252 !important;border-right-style: solid !important;border-top-color: #525252 !important;border-top-style: solid !important;border-bottom-color: #525252 !important;border-bottom-style: solid !important;}&#8221;]<\/p>\n<h3 style=\"text-align: center;\">\u0130zmir<\/h3>\n<p><strong>Adres: <\/strong>K\u0131br\u0131s \u015eehitleri Cad. 1469. No: 28<\/p>\n<p>Alptuna \u0130\u015f Han\u0131 B\u00fcro No: 204 Alsancak\/\u0130zmir<\/p>\n<p><strong>Telefon<\/strong>: +90 (232) 202 50 05<\/p>\n<p><strong>E-posta: <\/strong><a href=\"mailto:info@www.ad-hukuk.com\">info@www.ad-hukuk.com<\/a>[\/vc_column_text][vc_empty_space][vc_column_text]<iframe loading=\"lazy\" style=\"border: 0;\" src=\"https:\/\/www.google.com\/maps\/embed?pb=!1m18!1m12!1m3!1d3125.108028586305!2d27.14085832572592!3d38.438973621825504!2m3!1f0!2f0!3f0!3m2!1i1024!2i768!4f13.1!3m3!1m2!1s0x14bbd844aa6249b3%3A0xb02b3ba81cb394c5!2zQWxwdHVuYSDEsMWfIEhhbsSx!5e0!3m2!1str!2str!4v1719571565218!5m2!1str!2str\" width=\"500\" height=\"450\" allowfullscreen=\"allowfullscreen\"><\/iframe>[\/vc_column_text][\/vc_column][vc_column width=&#8221;1\/2&#8243;][vc_column_text css=&#8221;.vc_custom_1657105952952{border-top-width: 1px !important;border-right-width: 1px !important;border-bottom-width: 1px !important;border-left-width: 1px !important;padding-top: 48px !important;padding-right: 48px !important;padding-bottom: 48px !important;padding-left: 48px !important;border-left-color: #525252 !important;border-left-style: solid !important;border-right-color: #525252 !important;border-right-style: solid !important;border-top-color: #525252 !important;border-top-style: solid !important;border-bottom-color: #525252 !important;border-bottom-style: solid !important;}&#8221;]<\/p>\n<h3 style=\"text-align: center;\">\u0130stanbul<\/h3>\n<p><strong>Adres: <\/strong>Aslanyata\u011f\u0131 Sok. No: 15 D: 10<\/p>\n<p>Cihangir, Beyo\u011flu\/\u0130stanbul<\/p>\n<p><strong>Telefon<\/strong>: +90 (532) 415 97 49<\/p>\n<p><strong>E-posta: <\/strong><a href=\"mailto:info@www.ad-hukuk.com\">info@www.ad-hukuk.com<\/a>[\/vc_column_text][vc_empty_space][vc_column_text]<iframe loading=\"lazy\" style=\"border: 0;\" src=\"https:\/\/www.google.com\/maps\/embed?pb=!1m18!1m12!1m3!1d3009.617942684379!2d28.98286867585975!3d41.033613871347!2m3!1f0!2f0!3f0!3m2!1i1024!2i768!4f13.1!3m3!1m2!1s0x14cab7637a89702d%3A0x92371d92229774f!2zQ2loYW5naXIsIEFyc2xhbiBZYXRhxJ_EsSBTayBObzoxNSBEOjEwLCAzNDQzMyBCZXlvxJ9sdS_EsHN0YW5idWw!5e0!3m2!1str!2str!4v1719571515163!5m2!1str!2str\" width=\"500\" height=\"450\" allowfullscreen=\"allowfullscreen\"><\/iframe>[\/vc_column_text][\/vc_column][\/vc_row][vc_row full_width=&#8221;stretch_row_content_no_spaces&#8221;][vc_column][vc_empty_space][vc_separator][vc_empty_space height=&#8221;2px&#8221;][\/vc_column][\/vc_row]<\/p>\n","protected":false},"excerpt":{"rendered":"<p>[vc_row has_content=&#8221;true&#8221; css=&#8221;.vc_custom_1656027272697{padding-top: 32px !important;background-image: url(https:\/\/www.ad-hukuk.com\/wp-content\/uploads\/2022\/06\/DS7_0851-Edit-7-scaled.jpg?id=1418) !important;background-position: center !important;background-repeat: no-repeat !important;background-size: cover !important;}&#8221;][vc_column width=&#8221;1\/3&#8243;][vc_column_text css=&#8221;.vc_custom_1656026185150{padding-top: 32px !important;padding-bottom: 32px !important;background-image: url(https:\/\/www.ad-hukuk.com\/wp-content\/uploads\/2022\/06\/Yeni-Proje-20.jpg?id=1375) !important;}&#8221;] \u0130leti\u015fim [\/vc_column_text][\/vc_column][vc_column width=&#8221;1\/3&#8243;][\/vc_column][vc_column width=&#8221;1\/3&#8243;][\/vc_column][\/vc_row][vc_row][vc_column][vc_empty_space][\/vc_column][\/vc_row][vc_row full_width=&#8221;stretch_row&#8221; content_placement=&#8221;middle&#8221;][vc_column width=&#8221;1\/2&#8243;][vc_column_text css=&#8221;.vc_custom_1656597085314{border-top-width: 1px !important;border-right-width: 1px !important;border-bottom-width: 1px !important;border-left-width: 1px !important;padding-top: 48px !important;padding-right: 48px&#8230;<\/p>\n","protected":false},"author":1,"featured_media":0,"parent":0,"menu_order":0,"comment_status":"closed","ping_status":"closed","template":"","meta":{"footnotes":""},"class_list":["post-820","page","type-page","status-publish","hentry"],"_links":{"self":[{"href":"https:\/\/www.ad-hukuk.com\/index.php?rest_route=\/wp\/v2\/pages\/820","targetHints":{"allow":["GET"]}}],"collection":[{"href":"https:\/\/www.ad-hukuk.com\/index.php?rest_route=\/wp\/v2\/pages"}],"about":[{"href":"https:\/\/www.ad-hukuk.com\/index.php?rest_route=\/wp\/v2\/types\/page"}],"author":[{"embeddable":true,"href":"https:\/\/www.ad-hukuk.com\/index.php?rest_route=\/wp\/v2\/users\/1"}],"replies":[{"embeddable":true,"href":"https:\/\/www.ad-hukuk.com\/index.php?rest_route=%2Fwp%2Fv2%2Fcomments&post=820"}],"version-history":[{"count":95,"href":"https:\/\/www.ad-hukuk.com\/index.php?rest_route=\/wp\/v2\/pages\/820\/revisions"}],"predecessor-version":[{"id":1644,"href":"https:\/\/www.ad-hukuk.com\/index.php?rest_route=\/wp\/v2\/pages\/820\/revisions\/1644"}],"wp:attachment":[{"href":"https:\/\/www.ad-hukuk.com\/index.php?rest_route=%2Fwp%2Fv2%2Fmedia&parent=820"}],"curies":[{"name":"wp","href":"https:\/\/api.w.org\/{rel}","templated":true}]}}